{"id":173,"date":"2019-07-11T14:28:37","date_gmt":"2019-07-11T14:28:37","guid":{"rendered":"https:\/\/diamant.com.al\/index.php\/warehousing\/"},"modified":"2019-07-12T10:03:10","modified_gmt":"2019-07-12T10:03:10","slug":"warehousing","status":"publish","type":"page","link":"https:\/\/diamant.com.al\/index.php\/warehousing\/?lang=sq","title":{"rendered":"Magazinazh"},"content":{"rendered":"<div class=\"wpb-content-wrapper\"><p>[vc_row][vc_column][vc_column_text]<\/p>\n<p style=\"text-align: justify;\"><span style=\"color: #333333;\">P\u00ebr m\u00eb tep\u00ebr se 10 vite, Diamant Logistics ka investuar n\u00eb magazina, si pjes\u00eb e diversifikimit t\u00eb sh\u00ebrbimeve. Sot, Diamant ofron deri n\u00eb 11.000 m2 magazinim t\u00eb br\u00ebndsh\u00ebm, p\u00ebrb\u00ebr\u00eb nga 6 magazina t\u00eb standarteve t\u00eb larta, si dhe rreth 4.000 m2 shesh p\u00ebrpunimi; e gjitha kjo e pozicionuar n\u00eb terminalin e saj logjistik n\u00eb Durr\u00ebs duke sh\u00ebrbyer si qend\u00ebr distribucioni. Kompania ofron magazinim n\u00eb var\u00ebsi t\u00eb nevojave; qofshin k\u00ebto p\u00ebr magazinime afatshkurtra apo dh\u00ebnie me qera.<br \/>\n<\/span><\/p>\n<p style=\"text-align: justify;\"><span style=\"color: #333333;\">N\u00eb vitin 2009, Diamant arrin t\u00eb marr\u00eb autorizimin p\u00ebr magazin\u00ebn doganore, e cila u krijon klient\u00ebve mund\u00ebsin\u00eb q\u00eb t\u00eb shfryt\u00ebzojn\u00eb ambjentet tona p\u00ebr magazinim pa q\u00ebn\u00eb nevoja q\u00eb t\u00eb paguajn\u00eb taksa dhe detyrime doganore, deri n\u00eb momentin q\u00eb ata vendosin t\u00eb importojn\u00eb\/ri-eksportojn\u00eb mallin e tyre, ose derisa t\u00eb jen\u00eb n\u00eb zot\u00ebrim t\u00eb ndonj\u00eb dokumenti\/autorizimi p\u00ebr t\u00eb cilin mund t\u00eb ken\u00eb aplikuar.<br \/>\n<\/span><\/p>\n<p>[\/vc_column_text][\/vc_column][\/vc_row][vc_row][vc_column width=&#8221;1\/2&#8243;][\/vc_column][vc_column width=&#8221;1\/2&#8243;][vc_column_text]<\/p>\n<p style=\"text-align: right;\"><span style=\"color: #333333;\"><b>Menaxhere e Magazinave<br \/>\n<\/b>Irena Meksi<\/span><br \/>\n<span style=\"color: #333333;\">Mobile : +355 67 20 41149<\/span><br \/>\n<span style=\"color: #b2150a;\"><a style=\"color: #b2150a;\" href=\"mailto:i.meksi@diamant.com.al\">i.meksi@diamant.com.al<\/a><\/span><\/p>\n<p>[\/vc_column_text][\/vc_column][\/vc_row]<\/p>\n<\/div>","protected":false},"excerpt":{"rendered":"<p>[vc_row][vc_column][vc_column_text] P\u00ebr m\u00eb tep\u00ebr se 10 vite, Diamant Logistics ka investuar n\u00eb magazina, si pjes\u00eb e diversifikimit t\u00eb sh\u00ebrbimeve. Sot, Diamant ofron deri n\u00eb 11.000 m2 magazinim t\u00eb br\u00ebndsh\u00ebm, p\u00ebrb\u00ebr\u00eb nga 6 magazina t\u00eb standarteve t\u00eb larta, si dhe rreth 4.000 m2 shesh p\u00ebrpunimi; e gjitha kjo e pozicionuar n\u00eb terminalin e saj logjistik n\u00eb&hellip;<\/p>\n","protected":false},"author":3,"featured_media":0,"parent":0,"menu_order":0,"comment_status":"closed","ping_status":"closed","template":"","meta":{"footnotes":""},"class_list":["post-173","page","type-page","status-publish","hentry","description-off"],"_links":{"self":[{"href":"https:\/\/diamant.com.al\/index.php\/wp-json\/wp\/v2\/pages\/173","targetHints":{"allow":["GET"]}}],"collection":[{"href":"https:\/\/diamant.com.al\/index.php\/wp-json\/wp\/v2\/pages"}],"about":[{"href":"https:\/\/diamant.com.al\/index.php\/wp-json\/wp\/v2\/types\/page"}],"author":[{"embeddable":true,"href":"https:\/\/diamant.com.al\/index.php\/wp-json\/wp\/v2\/users\/3"}],"replies":[{"embeddable":true,"href":"https:\/\/diamant.com.al\/index.php\/wp-json\/wp\/v2\/comments?post=173"}],"version-history":[{"count":2,"href":"https:\/\/diamant.com.al\/index.php\/wp-json\/wp\/v2\/pages\/173\/revisions"}],"predecessor-version":[{"id":175,"href":"https:\/\/diamant.com.al\/index.php\/wp-json\/wp\/v2\/pages\/173\/revisions\/175"}],"wp:attachment":[{"href":"https:\/\/diamant.com.al\/index.php\/wp-json\/wp\/v2\/media?parent=173"}],"curies":[{"name":"wp","href":"https:\/\/api.w.org\/{rel}","templated":true}]}}