{"id":165,"date":"2019-07-11T12:08:45","date_gmt":"2019-07-11T12:08:45","guid":{"rendered":"https:\/\/diamant.com.al\/index.php\/road-freight\/"},"modified":"2022-05-21T14:19:06","modified_gmt":"2022-05-21T14:19:06","slug":"road-freight","status":"publish","type":"page","link":"https:\/\/diamant.com.al\/index.php\/road-freight\/?lang=sq","title":{"rendered":"Transport Rrugor"},"content":{"rendered":"<div class=\"wpb-content-wrapper\"><p>[vc_row][vc_column width=&#8221;3\/6&#8243;][vc_column_text]<\/p>\n<p style=\"text-align: justify;\"><span style=\"color: #333333;\">Diamant \u00ebsht\u00eb specializuar n\u00eb transportet nd\u00ebrkomb\u00ebtare n\u00eb kamion\u00eb komplet dhe grupazh, me nj\u00eb trafik te ngritur javor (import\/export) nga Shqiperia me Italine dhe vendet kryesore t\u00eb Europ\u00ebs.<\/span><\/p>\n<p>[\/vc_column_text]<div class=\"standard-arrow bullet-top\"><ul>\n<li>D\u00ebrgesa grupazh t\u00eb shpejta e t\u00eb sigurta.<\/li>\n<li>Linje grupazhi me Italin\u00eb, me koh\u00eb tranziti nga 4-7 dit\u00eb.<\/li>\n<li>Sh\u00ebrbim nga adresa n\u00eb adres\u00eb (door-to-door)<\/li>\n<li>License p\u00ebr trasnsport skrapi n\u00eb Itali.<\/li>\n<li>D\u00ebrgesa urgjente.<\/li>\n<li>Mund\u00ebsi depozitimi n\u00eb Magazin\u00eb Doganore.<\/li>\n<\/ul>\n<\/div>[vc_empty_space][vc_column_text]<\/p>\n<p style=\"text-align: justify;\"><span style=\"color: #333333;\">Ne disponojm\u00eb nj\u00eb flot\u00eb mjetesh t\u00eb llojeve dhe kapaciteteve t\u00eb ndryshme, p\u00ebrfshire trailer mushama mega, trailer t\u00eb hapur dhe t\u00eb zgjatsh\u00ebm, lowbed si dhe furgona e mjete t\u00eb vogla p\u00ebr shp\u00ebrndarje. Diamant aplikon standarde t\u00eb larta sigurie gjat\u00eb transportit, duke garantuar nj\u00eb sh\u00ebrbim t\u00eb besuesh\u00ebm dhe t\u00eb sigurt\u00eb t\u00eb ngarkes\u00ebs suaj.<\/span><\/p>\n<p>[\/vc_column_text][\/vc_column][vc_column width=&#8221;1\/2&#8243;][vc_column_text][fc id=&#8217;5&#8242;][\/fc][\/vc_column_text][vc_empty_space height=&#8221;10px&#8221;][\/vc_column][\/vc_row][vc_row][vc_column][vc_empty_space][vc_row_inner][vc_column_inner width=&#8221;1\/2&#8243;]<div class=\"aio-icon-component    style_1\"><div id=\"Info-box-wrap-7925\" class=\"aio-icon-box default-icon\" style=\"\"  ><div class=\"aio-icon-default\"><div class=\"ult-just-icon-wrapper  \"><div class=\"align-icon\" style=\"text-align:center;\">\n<div class=\"aio-icon-img \" style=\"font-size:48px;display:inline-block;\" >\n\t<img decoding=\"async\" class=\"img-icon\" alt=\"null\" src=\"https:\/\/diamant.com.al\/wp-content\/uploads\/2021\/01\/location.png\"\/>\n<\/div><\/div><\/div><\/div><div class=\"aio-icon-header\" ><h3 class=\"aio-icon-title ult-responsive\"  data-ultimate-target='#Info-box-wrap-7925 .aio-icon-title'  data-responsive-json-new='{\"font-size\":\"\",\"line-height\":\"\"}'  style=\"\">Vizibilitet n\u00eb koh\u00eb reale t\u00eb kamionit n\u00ebp\u00ebrmjet vendndodhjes me GPS.<\/h3><\/div> <!-- header --><\/div> <!-- aio-icon-box --><\/div> <!-- aio-icon-component --><div class=\"aio-icon-component    style_1\"><div id=\"Info-box-wrap-4572\" class=\"aio-icon-box default-icon\" style=\"\"  ><div class=\"aio-icon-default\"><div class=\"ult-just-icon-wrapper  \"><div class=\"align-icon\" style=\"text-align:center;\">\n<div class=\"aio-icon-img \" style=\"font-size:48px;display:inline-block;\" >\n\t<img decoding=\"async\" class=\"img-icon\" alt=\"null\" src=\"https:\/\/diamant.com.al\/wp-content\/uploads\/2021\/01\/shipping.png\"\/>\n<\/div><\/div><\/div><\/div><div class=\"aio-icon-header\" ><h3 class=\"aio-icon-title ult-responsive\"  data-ultimate-target='#Info-box-wrap-4572 .aio-icon-title'  data-responsive-json-new='{\"font-size\":\"\",\"line-height\":\"\"}'  style=\"\">Siguracion malli<\/h3><\/div> <!-- header --><\/div> <!-- aio-icon-box --><\/div> <!-- aio-icon-component -->[\/vc_column_inner][vc_column_inner width=&#8221;1\/2&#8243;]<div class=\"aio-icon-component    style_1\"><div id=\"Info-box-wrap-8532\" class=\"aio-icon-box default-icon\" style=\"\"  ><div class=\"aio-icon-default\"><div class=\"ult-just-icon-wrapper  \"><div class=\"align-icon\" style=\"text-align:center;\">\n<div class=\"aio-icon-img \" style=\"font-size:48px;display:inline-block;\" >\n\t<img decoding=\"async\" class=\"img-icon\" alt=\"null\" src=\"https:\/\/diamant.com.al\/wp-content\/uploads\/2021\/01\/worker.png\"\/>\n<\/div><\/div><\/div><\/div><div class=\"aio-icon-header\" ><h3 class=\"aio-icon-title ult-responsive\"  data-ultimate-target='#Info-box-wrap-8532 .aio-icon-title'  data-responsive-json-new='{\"font-size\":\"\",\"line-height\":\"\"}'  style=\"\">T\u00eb gjith\u00eb shofer\u00ebt jan\u00eb t\u00eb pajisur me veshje mbrojtese.<\/h3><\/div> <!-- header --><\/div> <!-- aio-icon-box --><\/div> <!-- aio-icon-component --><div class=\"aio-icon-component    style_1\"><div id=\"Info-box-wrap-1675\" class=\"aio-icon-box default-icon\" style=\"\"  ><div class=\"aio-icon-default\"><div class=\"ult-just-icon-wrapper  \"><div class=\"align-icon\" style=\"text-align:center;\">\n<div class=\"aio-icon-img \" style=\"font-size:48px;display:inline-block;\" >\n\t<img decoding=\"async\" class=\"img-icon\" alt=\"null\" src=\"https:\/\/diamant.com.al\/wp-content\/uploads\/2021\/01\/team.png\"\/>\n<\/div><\/div><\/div><\/div><div class=\"aio-icon-header\" ><h3 class=\"aio-icon-title ult-responsive\"  data-ultimate-target='#Info-box-wrap-1675 .aio-icon-title'  data-responsive-json-new='{\"font-size\":\"\",\"line-height\":\"\"}'  style=\"\">Staf i specializuar n\u00eb zgjidhje transporti.<\/h3><\/div> <!-- header --><\/div> <!-- aio-icon-box --><\/div> <!-- aio-icon-component -->[\/vc_column_inner][\/vc_row_inner][\/vc_column][\/vc_row]<\/p>\n<\/div>","protected":false},"excerpt":{"rendered":"<p>[vc_row][vc_column width=&#8221;3\/6&#8243;][vc_column_text] Diamant \u00ebsht\u00eb specializuar n\u00eb transportet nd\u00ebrkomb\u00ebtare n\u00eb kamion\u00eb komplet dhe grupazh, me nj\u00eb trafik te ngritur javor (import\/export) nga Shqiperia me Italine dhe vendet kryesore t\u00eb Europ\u00ebs. [\/vc_column_text][vc_empty_space][vc_column_text] Ne disponojm\u00eb nj\u00eb flot\u00eb mjetesh t\u00eb llojeve dhe kapaciteteve t\u00eb ndryshme, p\u00ebrfshire trailer mushama mega, trailer t\u00eb hapur dhe t\u00eb zgjatsh\u00ebm, lowbed si dhe furgona&hellip;<\/p>\n","protected":false},"author":3,"featured_media":0,"parent":0,"menu_order":0,"comment_status":"closed","ping_status":"closed","template":"","meta":{"footnotes":""},"class_list":["post-165","page","type-page","status-publish","hentry","description-off"],"_links":{"self":[{"href":"https:\/\/diamant.com.al\/index.php\/wp-json\/wp\/v2\/pages\/165","targetHints":{"allow":["GET"]}}],"collection":[{"href":"https:\/\/diamant.com.al\/index.php\/wp-json\/wp\/v2\/pages"}],"about":[{"href":"https:\/\/diamant.com.al\/index.php\/wp-json\/wp\/v2\/types\/page"}],"author":[{"embeddable":true,"href":"https:\/\/diamant.com.al\/index.php\/wp-json\/wp\/v2\/users\/3"}],"replies":[{"embeddable":true,"href":"https:\/\/diamant.com.al\/index.php\/wp-json\/wp\/v2\/comments?post=165"}],"version-history":[{"count":9,"href":"https:\/\/diamant.com.al\/index.php\/wp-json\/wp\/v2\/pages\/165\/revisions"}],"predecessor-version":[{"id":644,"href":"https:\/\/diamant.com.al\/index.php\/wp-json\/wp\/v2\/pages\/165\/revisions\/644"}],"wp:attachment":[{"href":"https:\/\/diamant.com.al\/index.php\/wp-json\/wp\/v2\/media?parent=165"}],"curies":[{"name":"wp","href":"https:\/\/api.w.org\/{rel}","templated":true}]}}