{"id":160,"date":"2019-07-11T10:54:10","date_gmt":"2019-07-11T10:54:10","guid":{"rendered":"https:\/\/diamant.com.al\/index.php\/history\/"},"modified":"2021-02-20T21:15:04","modified_gmt":"2021-02-20T21:15:04","slug":"history","status":"publish","type":"page","link":"https:\/\/diamant.com.al\/index.php\/history\/?lang=sq","title":{"rendered":"Historia"},"content":{"rendered":"<div class=\"wpb-content-wrapper\"><p>[vc_row][vc_column][vc_custom_heading text=&#8221;1994&#8243; font_container=&#8221;tag:h2|font_size:16|text_align:left|color:%23333333&#8243; google_fonts=&#8221;font_family:Roboto%3A100%2C100italic%2C300%2C300italic%2Cregular%2Citalic%2C500%2C500italic%2C700%2C700italic%2C900%2C900italic|font_style:500%20bold%20regular%3A500%3Anormal&#8221;][vc_row_inner][vc_column_inner width=&#8221;2\/3&#8243;][vc_separator border_width=&#8221;2&#8243;][vc_column_text css=&#8221;.vc_custom_1562924935799{margin-top: -20px !important;}&#8221;]<\/p>\n<p style=\"text-align: justify;\"><span style=\"color: #333333;\">Kompania themelohet n\u00eb Durr\u00ebs nga Z. Perikli Goga dhe i vihet emri Diamant, lidhur me emrin e nj\u00eb personi t\u00eb dashur n\u00eb familjen Goga, e cila quhej Diamanta Goga. Diamant fillon aktivitetin e tij si agjenci spedicionere e vendosur n\u00eb Portin e Durr\u00ebsit dhe duke sh\u00ebrbyer si agjent lokal p\u00ebr shum\u00eb kompani internacionale q\u00eb kishin levizje mallrash n\u00eb Shqip\u00ebri.<\/span><\/p>\n<p>[\/vc_column_text][\/vc_column_inner][vc_column_inner width=&#8221;1\/3&#8243;][vc_single_image image=&#8221;30&#8243; img_size=&#8221;full&#8221; alignment=&#8221;right&#8221; image_hovers=&#8221;false&#8221;][\/vc_column_inner][\/vc_row_inner][\/vc_column][\/vc_row][vc_row][vc_column][vc_custom_heading text=&#8221;1996-1999&#8243; font_container=&#8221;tag:h2|font_size:16|text_align:left|color:%23333333&#8243; google_fonts=&#8221;font_family:Roboto%3A100%2C100italic%2C300%2C300italic%2Cregular%2Citalic%2C500%2C500italic%2C700%2C700italic%2C900%2C900italic|font_style:500%20bold%20regular%3A500%3Anormal&#8221;][vc_separator border_width=&#8221;2&#8243;][vc_column_text css=&#8221;.vc_custom_1562924942253{margin-top: -20px !important;}&#8221;]<\/p>\n<p style=\"text-align: justify;\"><span style=\"color: #333333;\">Diamant shtrin aktivitetin n\u00eb blerjen e kamion\u00ebve t\u00eb par\u00eb dhe gjysm\u00eb rimorkio. Fal\u00eb besueshm\u00ebris\u00eb s\u00eb saj, kompania fillon t\u00eb bashk\u00ebpunoj\u00eb me shum\u00eb ushtri t\u00eb huaja duke p\u00ebrfshir\u00eb ushtrin\u00eb amerikane, gjermane dhe spanjolle n\u00eb pritjen e ngarkesave p\u00ebr q\u00ebllime humanitare kryesisht t\u00eb destinuara p\u00ebr n\u00eb Kosov\u00eb.<\/span><\/p>\n<p>&nbsp;<\/p>\n<p>[\/vc_column_text][\/vc_column][\/vc_row][vc_row][vc_column][vc_custom_heading text=&#8221;2000&#8243; font_container=&#8221;tag:h2|font_size:16|text_align:left|color:%23333333&#8243; google_fonts=&#8221;font_family:Roboto%3A100%2C100italic%2C300%2C300italic%2Cregular%2Citalic%2C500%2C500italic%2C700%2C700italic%2C900%2C900italic|font_style:500%20bold%20regular%3A500%3Anormal&#8221;][vc_separator border_width=&#8221;2&#8243;][vc_column_text css=&#8221;.vc_custom_1562924949301{margin-top: -20px !important;}&#8221;]<\/p>\n<p style=\"text-align: justify;\"><span style=\"color: #333333;\">Kompania po b\u00ebhej gjithnj\u00eb e m\u00eb e madhe k\u00ebshtu q\u00eb filloi nd\u00ebrtimin e nj\u00eb terminali logjistik, pak kilometra nga Porti i Durr\u00ebsit; me q\u00ebllim q\u00eb t\u00eb akomodonte t\u00eb gjith\u00eb flot\u00ebn e saj t\u00eb kamion\u00ebve. Kjo \u00ebsht\u00eb dhe koha kur Diamant krijon partneritet t\u00eb fort\u00eb me \u201cGrupin Fagioli\u201d si pasoj\u00eb e k\u00ebrkes\u00ebs n\u00eb rritje transporteve t\u00eb r\u00ebnda dhe projekteve n\u00eb Shqip\u00ebri.<\/span><\/p>\n<p>[\/vc_column_text][\/vc_column][\/vc_row][vc_row][vc_column][vc_custom_heading text=&#8221;2001&#8243; font_container=&#8221;tag:h2|font_size:16|text_align:left|color:%23333333&#8243; google_fonts=&#8221;font_family:Roboto%3A100%2C100italic%2C300%2C300italic%2Cregular%2Citalic%2C500%2C500italic%2C700%2C700italic%2C900%2C900italic|font_style:500%20bold%20regular%3A500%3Anormal&#8221;][vc_separator border_width=&#8221;2&#8243;][vc_column_text css=&#8221;.vc_custom_1562924956422{margin-top: -20px !important;}&#8221;]<\/p>\n<p style=\"text-align: justify;\"><span style=\"color: #333333;\">P\u00ebr shkak t\u00eb lidhjes s\u00eb fort\u00eb midis Shqip\u00ebris\u00eb dhe Italis\u00eb n\u00eb aspektin e tregtis\u00eb, Diamant hap deg\u00ebn e saj n\u00eb Itali, si \u201cDiamant Italia\u201d, me p\u00ebrfaq\u00ebsuesin ligjor z.PierGiorgio Colombo dhe zyrat kryesore n\u00eb Trieste. Gjat\u00eb k\u00ebsaj periudhe kompania filloi dhe transportet grupazh p\u00ebrmes Italis\u00eb; linj\u00eb kjo q\u00eb mori zhvillim dhe r\u00ebnd\u00ebsi t\u00eb ve\u00e7ant\u00eb.<\/span><\/p>\n<p>[\/vc_column_text][\/vc_column][\/vc_row][vc_row][vc_column][vc_custom_heading text=&#8221;2003&#8243; font_container=&#8221;tag:h2|font_size:16|text_align:left|color:%23333333&#8243; google_fonts=&#8221;font_family:Roboto%3A100%2C100italic%2C300%2C300italic%2Cregular%2Citalic%2C500%2C500italic%2C700%2C700italic%2C900%2C900italic|font_style:500%20bold%20regular%3A500%3Anormal&#8221;][vc_separator border_width=&#8221;2&#8243;][vc_column_text css=&#8221;.vc_custom_1562924972638{margin-top: -20px !important;}&#8221;]<\/p>\n<p style=\"text-align: justify;\"><span style=\"color: #333333;\">Diamant fillon nd\u00ebrtimin e magazin\u00ebs s\u00eb saj t\u00eb par\u00eb, me kapacitet 1.600 m\u00b2. Kjo vjen me strategjin\u00eb e kompanis\u00eb p\u00ebr t\u00eb diversifikuar sh\u00ebrbimet dhe p\u00ebr t\u00eb ofruar m\u00eb shum\u00eb mb\u00ebshtetje logjistike p\u00ebr klient\u00ebt e saj.<\/span><\/p>\n<p>[\/vc_column_text][\/vc_column][\/vc_row][vc_row][vc_column width=&#8221;1\/3&#8243;][vc_single_image image=&#8221;37&#8243; img_size=&#8221;full&#8221; alignment=&#8221;right&#8221; image_hovers=&#8221;false&#8221;][\/vc_column][vc_column width=&#8221;2\/3&#8243;][vc_custom_heading text=&#8221;2005&#8243; font_container=&#8221;tag:h2|font_size:16|text_align:left|color:%23333333&#8243; google_fonts=&#8221;font_family:Roboto%3A100%2C100italic%2C300%2C300italic%2Cregular%2Citalic%2C500%2C500italic%2C700%2C700italic%2C900%2C900italic|font_style:500%20bold%20regular%3A500%3Anormal&#8221; css=&#8221;.vc_custom_1562842370146{margin-top: -20px !important;}&#8221;][vc_separator border_width=&#8221;2&#8243; css=&#8221;.vc_custom_1562842380970{margin-top: -20px !important;}&#8221;][vc_column_text css=&#8221;.vc_custom_1562924979950{margin-top: -20px !important;}&#8221;]<\/p>\n<p style=\"text-align: justify;\"><span style=\"color: #333333;\">Diamant fiton eksperienc\u00ebn, aft\u00ebsin\u00eb dhe ekspertiz\u00ebn n\u00eb menaxhimin e projekteve dhe tansporteve t\u00eb ve\u00e7anta dhe ky \u00ebsht\u00eb viti ku ne u b\u00ebm\u00eb kompania e par\u00eb e li\u00e7ensuar n\u00eb Shqip\u00ebri n\u00eb k\u00ebt\u00eb sektor. Diamant merr pjes\u00eb n\u00eb disa nga projektet m\u00eb t\u00eb r\u00ebnd\u00ebsishme n\u00eb Shqip\u00ebri, si\u00e7 jan\u00eb fabrikat e \u00e7imentos, nd\u00ebrtimet e hidrocentraleve \/ stacioneve elektrike e k\u00ebshtu me radh\u00eb.<\/span><\/p>\n<p>[\/vc_column_text][\/vc_column][\/vc_row][vc_row][vc_column][vc_custom_heading text=&#8221;2007&#8243; font_container=&#8221;tag:h2|font_size:16|text_align:left|color:%23333333&#8243; google_fonts=&#8221;font_family:Roboto%3A100%2C100italic%2C300%2C300italic%2Cregular%2Citalic%2C500%2C500italic%2C700%2C700italic%2C900%2C900italic|font_style:500%20bold%20regular%3A500%3Anormal&#8221;][vc_separator border_width=&#8221;2&#8243;][vc_column_text css=&#8221;.vc_custom_1562924987534{margin-top: -20px !important;}&#8221;]<\/p>\n<p style=\"text-align: justify;\"><span style=\"color: #333333;\">Kompania merr \u00e7mimin \u201cYlli i Art\u00eb p\u00ebr Ekselenc\u00eb n\u00eb Transport\u201d n\u00eb Paris. Ky \u00e7mim vjen si reflektim i suksesit t\u00eb madh i cili erdhi si rezultat i pun\u00ebs, kontributit dhe besueshm\u00ebris\u00eb n\u00eb nivelin e sh\u00ebrbimit.<\/span><\/p>\n<p>[\/vc_column_text][\/vc_column][\/vc_row][vc_row][vc_column width=&#8221;2\/3&#8243;][vc_custom_heading text=&#8221;2008&#8243; font_container=&#8221;tag:h2|font_size:16|text_align:left|color:%23333333&#8243; google_fonts=&#8221;font_family:Roboto%3A100%2C100italic%2C300%2C300italic%2Cregular%2Citalic%2C500%2C500italic%2C700%2C700italic%2C900%2C900italic|font_style:500%20bold%20regular%3A500%3Anormal&#8221;][vc_separator border_width=&#8221;2&#8243;][vc_column_text css=&#8221;.vc_custom_1562924995301{margin-top: -20px !important;}&#8221;]<\/p>\n<p style=\"text-align: justify;\"><span style=\"color: #333333;\">Diamant zhvendos zyrat q\u00ebndrore n\u00eb terminalin e ri dhe t\u00eb p\u00ebrfunduar. Zyrat moderne p\u00ebrfaq\u00ebsonin zhvillimin e kompanis\u00eb dhe reputacionin e lart\u00eb. Ishte kjo koha n\u00eb t\u00eb cil\u00ebn Diamant investoi m\u00eb shum\u00eb n\u00eb nd\u00ebrtimin e magazinave duke arritur deri n\u00eb 5.000 m\u00b2 hap\u00ebsira magazinimi t\u00eb br\u00ebndshme; t\u00eb v\u00ebna n\u00eb dispozicion p\u00ebr magazinim afatshkurt\u00ebr dhe afatgjat\u00eb. Terminali logjistik e b\u00ebn Diamant kompanin\u00eb e par\u00eb t\u00eb k\u00ebtij lloji, duke ofruar m\u00eb shum\u00eb sh\u00ebrbime p\u00ebr klient\u00ebt e saj me nivelin m\u00eb t\u00eb mir\u00eb t\u00eb sh\u00ebrbimit n\u00eb vend. Kjo \u00ebsht\u00eb arsyeja pse shum\u00eb kompani nd\u00ebrkomb\u00ebtare si grupi slloven Gorenje, Huawei, Rossmann &amp; Lala dhe KIA na besuan dhe filluan ta p\u00ebrdorin k\u00ebt\u00eb terminal si qendr\u00ebn e tyre t\u00eb magazinimit dhe distribucionit.<\/span><\/p>\n<p>[\/vc_column_text][\/vc_column][vc_column width=&#8221;1\/3&#8243;][vc_empty_space height=&#8221;52px&#8221;][vc_single_image image=&#8221;42&#8243; img_size=&#8221;full&#8221; alignment=&#8221;right&#8221; image_hovers=&#8221;false&#8221;][\/vc_column][\/vc_row][vc_row][vc_column][vc_custom_heading text=&#8221;2012&#8243; font_container=&#8221;tag:h2|font_size:16|text_align:left|color:%23333333&#8243; google_fonts=&#8221;font_family:Roboto%3A100%2C100italic%2C300%2C300italic%2Cregular%2Citalic%2C500%2C500italic%2C700%2C700italic%2C900%2C900italic|font_style:500%20bold%20regular%3A500%3Anormal&#8221;][vc_separator border_width=&#8221;2&#8243;][vc_column_text css=&#8221;.vc_custom_1562925001389{margin-top: -20px !important;}&#8221;]<\/p>\n<p style=\"text-align: justify;\"><span style=\"color: #333333;\">Kompania hap agjencin\u00eb e saj doganore, fillimisht t\u00eb quajtur P. Colombo dhe m\u00eb pas Diamant, me zyra n\u00eb Durr\u00ebs dhe Tiran\u00eb. Ky investim krijoi nj\u00eb vler\u00eb t\u00eb madhe p\u00ebr klient\u00ebt tan\u00eb n\u00eb aspektin e operacioneve t\u00eb shpejta t\u00eb importit dhe eksportit si dhe n\u00eb marrje informacioni rreth Kodit Doganor\u00eb. Shum\u00eb shpejt pas krijimit t\u00eb saj, agjencia rekrutoi disa nga agjent\u00ebt m\u00eb t\u00eb mir\u00eb doganor\u00eb n\u00eb Shqip\u00ebri q\u00eb sh\u00ebrbenin p\u00ebr k\u00ebdo q\u00eb kishte nevoj\u00eb p\u00ebr veprime doganore, jo n\u00eb var\u00ebsi t\u00eb transportuesit.<\/span><\/p>\n<p>&nbsp;<\/p>\n<p>[\/vc_column_text][\/vc_column][\/vc_row][vc_row][vc_column][vc_custom_heading text=&#8221;2014&#8243; font_container=&#8221;tag:h2|font_size:16|text_align:left|color:%23333333&#8243; google_fonts=&#8221;font_family:Roboto%3A100%2C100italic%2C300%2C300italic%2Cregular%2Citalic%2C500%2C500italic%2C700%2C700italic%2C900%2C900italic|font_style:500%20bold%20regular%3A500%3Anormal&#8221;][vc_separator border_width=&#8221;2&#8243;][vc_column_text css=&#8221;.vc_custom_1562925009573{margin-top: -20px !important;}&#8221;]<\/p>\n<p style=\"text-align: justify;\"><span style=\"color: #333333;\">Diamant feston 20 vjetorin e saj. P\u00ebr t\u00eb festuar rritjen, sfidat dhe sukseset e 20 viteve, Diamant mbajti nj\u00eb event n\u00eb terminalin e saj logjistik, i cili mblodhi disa nga partner\u00ebt kryesor\u00eb q\u00eb dhan\u00eb nj\u00eb ndihmes\u00eb dhe kontribut t\u00eb r\u00ebnd\u00ebsish\u00ebm n\u00eb kompani.<\/span><\/p>\n<p>[\/vc_column_text][\/vc_column][\/vc_row][vc_row][vc_column width=&#8221;2\/3&#8243;][vc_custom_heading text=&#8221;2016&#8243; font_container=&#8221;tag:h2|font_size:16|text_align:left|color:%23333333&#8243; google_fonts=&#8221;font_family:Roboto%3A100%2C100italic%2C300%2C300italic%2Cregular%2Citalic%2C500%2C500italic%2C700%2C700italic%2C900%2C900italic|font_style:500%20bold%20regular%3A500%3Anormal&#8221;][vc_separator border_width=&#8221;2&#8243;][vc_column_text css=&#8221;.vc_custom_1562925015261{margin-top: -20px !important;}&#8221;]<\/p>\n<p style=\"text-align: justify;\"><span style=\"color: #333333;\">Diamant njihet si kompania kryesore e transportit n\u00eb projektin m\u00eb t\u00eb madh n\u00eb Shqip\u00ebri deri m\u00eb tani, i quajtur projekti TAP. Kjo arritje thekson edhe nj\u00ebher\u00eb reputacionin dhe besueshm\u00ebrin\u00eb e fort\u00eb t\u00eb kompanis\u00eb n\u00eb projektet nd\u00ebrkomb\u00ebtare. Standardet evropiane n\u00eb pun\u00eb, shpejt\u00ebsia dhe p\u00ebrvoja e madhe n\u00eb t\u00eb kaluar\u00ebn jan\u00eb disa nga faktor\u00ebt kryesor\u00eb q\u00eb ndihmuan kompanin\u00eb t\u00eb dalloj\u00eb nga t\u00eb tjer\u00ebt dhe t\u00eb kryej\u00eb jo vet\u00ebm transportin e tubave jasht\u00eb norme, por dhe sh\u00ebrbime t\u00eb tjera si veprime doganore p\u00ebr t\u00eb gjitha materialet dhe pajisjet q\u00eb lidhen me projektin, dh\u00ebnien me qera t\u00eb nj\u00eb hap\u00ebsire prej 90.000 m\u00b2 si dhe duke ofruar aktivitete t\u00eb tjera t\u00eb lidhura me logjistik\u00ebn p\u00ebr t\u00eb garantuar nj\u00eb mobilizim dhe fillim t\u00eb rrjedhsh\u00ebm t\u00eb projektit n\u00eb Shqip\u00ebri.<\/span><\/p>\n<p>[\/vc_column_text][\/vc_column][vc_column width=&#8221;1\/3&#8243;][vc_empty_space height=&#8221;52px&#8221;][vc_video link=&#8221;https:\/\/www.youtube.com\/watch?v=Gw5_owVCuW4&amp;t=26s&#8221;][\/vc_column][\/vc_row]<\/p>\n<\/div>","protected":false},"excerpt":{"rendered":"<p>[vc_row][vc_column][vc_custom_heading text=&#8221;1994&#8243; font_container=&#8221;tag:h2|font_size:16|text_align:left|color:%23333333&#8243; google_fonts=&#8221;font_family:Roboto%3A100%2C100italic%2C300%2C300italic%2Cregular%2Citalic%2C500%2C500italic%2C700%2C700italic%2C900%2C900italic|font_style:500%20bold%20regular%3A500%3Anormal&#8221;][vc_row_inner][vc_column_inner width=&#8221;2\/3&#8243;][vc_separator border_width=&#8221;2&#8243;][vc_column_text css=&#8221;.vc_custom_1562924935799{margin-top: -20px !important;}&#8221;] Kompania themelohet n\u00eb Durr\u00ebs nga Z. Perikli Goga dhe i vihet emri Diamant, lidhur me emrin e nj\u00eb personi t\u00eb dashur n\u00eb familjen Goga, e cila quhej Diamanta Goga. Diamant fillon aktivitetin e tij si agjenci spedicionere e vendosur n\u00eb Portin e Durr\u00ebsit dhe duke sh\u00ebrbyer&hellip;<\/p>\n","protected":false},"author":3,"featured_media":0,"parent":0,"menu_order":0,"comment_status":"closed","ping_status":"closed","template":"","meta":{"footnotes":""},"class_list":["post-160","page","type-page","status-publish","hentry","description-off"],"_links":{"self":[{"href":"https:\/\/diamant.com.al\/index.php\/wp-json\/wp\/v2\/pages\/160","targetHints":{"allow":["GET"]}}],"collection":[{"href":"https:\/\/diamant.com.al\/index.php\/wp-json\/wp\/v2\/pages"}],"about":[{"href":"https:\/\/diamant.com.al\/index.php\/wp-json\/wp\/v2\/types\/page"}],"author":[{"embeddable":true,"href":"https:\/\/diamant.com.al\/index.php\/wp-json\/wp\/v2\/users\/3"}],"replies":[{"embeddable":true,"href":"https:\/\/diamant.com.al\/index.php\/wp-json\/wp\/v2\/comments?post=160"}],"version-history":[{"count":3,"href":"https:\/\/diamant.com.al\/index.php\/wp-json\/wp\/v2\/pages\/160\/revisions"}],"predecessor-version":[{"id":692,"href":"https:\/\/diamant.com.al\/index.php\/wp-json\/wp\/v2\/pages\/160\/revisions\/692"}],"wp:attachment":[{"href":"https:\/\/diamant.com.al\/index.php\/wp-json\/wp\/v2\/media?parent=160"}],"curies":[{"name":"wp","href":"https:\/\/api.w.org\/{rel}","templated":true}]}}