{"id":154,"date":"2019-07-11T09:40:03","date_gmt":"2019-07-11T09:40:03","guid":{"rendered":"https:\/\/diamant.com.al\/index.php\/home\/"},"modified":"2021-01-22T13:36:32","modified_gmt":"2021-01-22T13:36:32","slug":"home","status":"publish","type":"page","link":"https:\/\/diamant.com.al\/index.php\/home\/?lang=sq","title":{"rendered":"KREU"},"content":{"rendered":"<div class=\"wpb-content-wrapper\"><p>[vc_row css=&#8221;.vc_custom_1562838629782{margin-top: -40px !important;}&#8221;][vc_column][vc_custom_heading text=&#8221;EKSPERIENC\u00cb, P\u00cbRGJEGJ\u00cbSI, BESUESHM\u00cbRI&#8221; font_container=&#8221;tag:h2|font_size:36|text_align:center|color:%23333333&#8243; google_fonts=&#8221;font_family:Roboto%3A100%2C100italic%2C300%2C300italic%2Cregular%2Citalic%2C500%2C500italic%2C700%2C700italic%2C900%2C900italic|font_style:700%20bold%20regular%3A700%3Anormal&#8221;][vc_empty_space height=&#8221;12px&#8221;][vc_column_text]<\/p>\n<p style=\"text-align: justify;\"><span style=\"color: #333333;\"><strong>Diamant Logistics<\/strong> \u00ebsht\u00eb kompania kryesore e transportit dhe logjistik\u00ebs n\u00eb Shqip\u00ebri. Me m\u00eb tep\u00ebr se 20 vite eksperienc\u00eb, Diamant ofron nj\u00eb gam\u00eb t\u00eb gj\u00ebr\u00eb sh\u00ebrbimesh dhe zgjidhjesh logjistike q\u00eb u p\u00ebrgjigjen nevojave dhe k\u00ebrkesave t\u00eb klient\u00ebve, nd\u00ebr t\u00eb cilat transport nd\u00ebrkomb\u00ebtar mallrash dhe konteiner\u00ebsh, transporte t\u00eb ve\u00e7anta, magazinazh dhe agjensi doganore.<\/span><\/p>\n<p style=\"text-align: justify;\"><span style=\"color: #333333;\">Kompania zot\u00ebron terminalin e saj logjistik plot\u00ebsisht t\u00eb integruar, t\u00eb pozicionuar pran\u00eb portit t\u00eb Durr\u00ebsit dhe pak kilometra larg aeroportit dhe kryeqytetit, Tiran\u00ebs. Ky pozicion strategjik na ka mund\u00ebsuar q\u00eb t\u00eb ofrojm\u00eb sh\u00ebrbime t\u00eb shpejta dhe q\u00eb t\u00eb sh\u00ebrbejm\u00eb si nj\u00eb port\u00eb p\u00ebr pjes\u00ebn tjet\u00ebr t\u00eb vendit dhe rajonit. Opsioni \u201cNuk mund t\u00eb realizohet\u201d nuk vlen p\u00ebr Ekipin \u201cDiamant\u201d, ndaj ne jemi t\u00eb p\u00ebrkushtuar n\u00eb gjetjen e zgjidhjeve q\u00eb m\u00eb s\u00eb miri u p\u00ebrgjigjen k\u00ebrkesave t\u00eb juaja logjistike, duke u fokusuar n\u00eb kosto dhe t\u00eb qenurit korrekt.<\/span><\/p>\n<p style=\"text-align: justify;\"><span style=\"color: #333333;\">Diamant njihet gjer\u00ebsisht p\u00ebr ekselenc\u00ebn e tij n\u00eb trajtimin e tonazheve t\u00eb r\u00ebnda dhe ngarkesave jasht\u00eb norme. Kompania ka qen\u00eb e p\u00ebrfshir\u00eb n\u00eb shum\u00eb projekte t\u00eb tilla n\u00eb Shqip\u00ebri, t\u00eb p\u00ebrmasave si komb\u00ebtare ashtu edhe nd\u00ebrkomb\u00ebtar\u00eb. S\u00eb fundmi, Diamant \u00ebsht\u00eb p\u00ebrgjegj\u00ebs p\u00ebr transportimin e tubave t\u00eb projektit TAP, gaz\u00ebsjell\u00ebsi transadriatik q\u00eb p\u00ebrshkon vendin me mbi 200 km. Ne mendojm\u00eb q\u00eb \u00e7el\u00ebsi i suksesit ton\u00eb q\u00ebndron tek burimet tona, planifikimi i mir\u00eb, dhe mbi t\u00eb gjitha, pasioni p\u00ebr t\u00eb zgjidhur sfidat q\u00eb fusha e logjistik\u00ebs paraqet, n\u00eb koh\u00eb reale dhe duke zbatuar praktikat m\u00eb t\u00eb mira.<\/span><\/p>\n<p>[\/vc_column_text][vc_custom_heading text=&#8221;Shih m\u00eb tep\u00ebr&#8221; font_container=&#8221;tag:h2|font_size:20|text_align:center|color:%23dd3333&#8243; google_fonts=&#8221;font_family:Roboto%3A100%2C100italic%2C300%2C300italic%2Cregular%2Citalic%2C500%2C500italic%2C700%2C700italic%2C900%2C900italic|font_style:700%20bold%20regular%3A700%3Anormal&#8221;][\/vc_column][\/vc_row][vc_row bg_type=&#8221;bg_color&#8221; bg_override=&#8221;ex-full&#8221; css=&#8221;.vc_custom_1562838730899{border-top-width: 1px !important;border-top-color: #e2e2e2 !important;border-top-style: solid !important;}&#8221; bg_color_value=&#8221;#fafafa&#8221;][vc_column][vc_custom_heading text=&#8221;Sh\u00ebrbimet Tona&#8221; font_container=&#8221;tag:h2|font_size:25|text_align:center|color:%23333333&#8243; google_fonts=&#8221;font_family:Roboto%3A100%2C100italic%2C300%2C300italic%2Cregular%2Citalic%2C500%2C500italic%2C700%2C700italic%2C900%2C900italic|font_style:400%20regular%3A400%3Anormal&#8221;]<div id=\"ult-carousel-292178213969ee9f90728c1\" class=\"ult-carousel-wrapper   ult_horizontal\" data-gutter=\"15\" data-rtl=\"false\" ><div class=\"ult-carousel-239180773069ee9f9072818 \" ><div class=\"ult-item-wrap\" data-animation=\"animated no-animation\"><div class=\"ult-content-box-container \" >\t\t<div class=\"ult-content-box\" style=\"box-shadow: px px px px none;-webkit-transition: all 700ms ease;-moz-transition: all 700ms ease;-ms-transition: all 700ms ease;-o-transition: all 700ms ease;transition: all 700ms ease;\"  data-hover_box_shadow=\"none\"    >[vc_single_image image=&#8221;16&#8243; img_size=&#8221;full&#8221; alignment=&#8221;center&#8221; image_hovers=&#8221;false&#8221;][vc_custom_heading text=&#8221;Transport Rrugor&#8221; font_container=&#8221;tag:h2|font_size:25|text_align:center|color:%23333333&#8243; google_fonts=&#8221;font_family:Roboto%3A100%2C100italic%2C300%2C300italic%2Cregular%2Citalic%2C500%2C500italic%2C700%2C700italic%2C900%2C900italic|font_style:400%20regular%3A400%3Anormal&#8221;][vc_column_text]<\/p>\n<p style=\"text-align: center;\"><span style=\"color: #333333;\">Nga transport komplet n\u00eb grupazh, ne mund t\u00eb ofrojm\u00eb t\u00eb gjitha llojet e transportit rrugor n\u00eb m\u00ebnyr\u00eb q\u00eb t\u00eb arrijm\u00eb k\u00ebrkesat e klientit. Diamant lidh pjes\u00ebn m\u00eb t\u00eb madhe t\u00eb Europ\u00ebs me Shqip\u00ebrin\u00eb me nisje ditore dhe javore t\u00eb kamion\u00ebve t\u00eb saj.<\/span><\/p>\n<p>[\/vc_column_text]\t\t<\/div><\/div><\/div><div class=\"ult-item-wrap\" data-animation=\"animated no-animation\"><div class=\"ult-content-box-container \" >\t\t<div class=\"ult-content-box\" style=\"box-shadow: px px px px none;-webkit-transition: all 700ms ease;-moz-transition: all 700ms ease;-ms-transition: all 700ms ease;-o-transition: all 700ms ease;transition: all 700ms ease;\"  data-hover_box_shadow=\"none\"    >[vc_single_image image=&#8221;17&#8243; img_size=&#8221;full&#8221; alignment=&#8221;center&#8221; image_hovers=&#8221;false&#8221;][vc_custom_heading text=&#8221;Transport Detar&#8221; font_container=&#8221;tag:h2|font_size:25|text_align:center|color:%23333333&#8243; google_fonts=&#8221;font_family:Roboto%3A100%2C100italic%2C300%2C300italic%2Cregular%2Citalic%2C500%2C500italic%2C700%2C700italic%2C900%2C900italic|font_style:400%20regular%3A400%3Anormal&#8221;][vc_column_text]<\/p>\n<p style=\"text-align: center;\"><span style=\"color: #333333;\">Partneriteti strategjik na mund\u00ebson t\u00eb jemi t\u00eb shpejt\u00eb dhe t\u00eb operojm\u00eb n\u00eb m\u00eb shum\u00eb se 80 shtete n\u00eb bot\u00eb. Ofrojm\u00eb sh\u00ebrbimin konteinere t\u00eb pjessh\u00ebm LCL si dhe kombinim t\u00eb ngarkes\u00ebs me aj\u00ebr.<\/span><\/p>\n<p>[\/vc_column_text]\t\t<\/div><\/div><\/div><div class=\"ult-item-wrap\" data-animation=\"animated no-animation\"><div class=\"ult-content-box-container \" >\t\t<div class=\"ult-content-box\" style=\"box-shadow: px px px px none;-webkit-transition: all 700ms ease;-moz-transition: all 700ms ease;-ms-transition: all 700ms ease;-o-transition: all 700ms ease;transition: all 700ms ease;\"  data-hover_box_shadow=\"none\"    >[vc_single_image image=&#8221;557&#8243; img_size=&#8221;300&#215;225&#8243; alignment=&#8221;center&#8221; image_hovers=&#8221;false&#8221;][vc_custom_heading text=&#8221;Transport Ajror&#8221; font_container=&#8221;tag:h2|font_size:25|text_align:center|color:%23333333&#8243; google_fonts=&#8221;font_family:Roboto%3A100%2C100italic%2C300%2C300italic%2Cregular%2Citalic%2C500%2C500italic%2C700%2C700italic%2C900%2C900italic|font_style:400%20regular%3A400%3Anormal&#8221;][vc_column_text]<\/p>\n<p style=\"text-align: center;\"><span style=\"color: #333333;\">Partneriteti strategjik na mund\u00ebson t\u00eb jemi t\u00eb shpejt\u00eb dhe t\u00eb operojm\u00eb n\u00eb m\u00eb shum\u00eb se 80 shtete n\u00eb bot\u00eb. Ofrojm\u00eb sh\u00ebrbimin konteinere t\u00eb pjessh\u00ebm LCL si dhe kombinim t\u00eb ngarkes\u00ebs me aj\u00ebr.<\/span><\/p>\n<p>[\/vc_column_text]\t\t<\/div><\/div><\/div><div class=\"ult-item-wrap\" data-animation=\"animated no-animation\"><div class=\"ult-content-box-container \" >\t\t<div class=\"ult-content-box\" style=\"box-shadow: px px px px none;-webkit-transition: all 700ms ease;-moz-transition: all 700ms ease;-ms-transition: all 700ms ease;-o-transition: all 700ms ease;transition: all 700ms ease;\"  data-hover_box_shadow=\"none\"    >[vc_single_image image=&#8221;18&#8243; img_size=&#8221;full&#8221; alignment=&#8221;center&#8221; image_hovers=&#8221;false&#8221;][vc_custom_heading text=&#8221;Transporte te Vecanta&#8221; font_container=&#8221;tag:h2|font_size:25|text_align:center|color:%23333333&#8243; google_fonts=&#8221;font_family:Roboto%3A100%2C100italic%2C300%2C300italic%2Cregular%2Citalic%2C500%2C500italic%2C700%2C700italic%2C900%2C900italic|font_style:400%20regular%3A400%3Anormal&#8221;][vc_column_text]<\/p>\n<p style=\"text-align: center;\"><span style=\"color: #333333;\">Numri i madh i projekteve dhe arritjeve deri m\u00eb tani na kan\u00eb dh\u00ebn\u00eb njohurit\u00eb e duhura p\u00ebr t\u00eb ndjekur nj\u00eb projekt me sukses dhe n\u00eb p\u00ebrputhje me standarded nd\u00ebrkomb\u00ebtare. Planifikimi i mir\u00eb dhe koordinimi jan\u00eb pjes\u00eb e skuadr\u00ebs son\u00eb t\u00eb projekteve.<\/span><\/p>\n<p>[\/vc_column_text]\t\t<\/div><\/div><\/div><div class=\"ult-item-wrap\" data-animation=\"animated no-animation\"><div class=\"ult-content-box-container \" >\t\t<div class=\"ult-content-box\" style=\"box-shadow: px px px px none;-webkit-transition: all 700ms ease;-moz-transition: all 700ms ease;-ms-transition: all 700ms ease;-o-transition: all 700ms ease;transition: all 700ms ease;\"  data-hover_box_shadow=\"none\"    >[vc_single_image image=&#8221;19&#8243; img_size=&#8221;full&#8221; alignment=&#8221;center&#8221; image_hovers=&#8221;false&#8221;][vc_custom_heading text=&#8221;Magazina&#8221; font_container=&#8221;tag:h2|font_size:25|text_align:center|color:%23333333&#8243; google_fonts=&#8221;font_family:Roboto%3A100%2C100italic%2C300%2C300italic%2Cregular%2Citalic%2C500%2C500italic%2C700%2C700italic%2C900%2C900italic|font_style:400%20regular%3A400%3Anormal&#8221;][vc_column_text]<\/p>\n<p style=\"text-align: center;\"><span style=\"color: #333333;\">Me nj\u00eb terminal logjistik prej m\u00eb shum\u00eb se 30.000m2 p\u00ebrfshir\u00eb zon\u00eb doganore, ne pranojm\u00eb cdo k\u00ebrkes\u00eb p\u00ebr magazinazh duke garantuar siguri, raportim n\u00eb koh\u00eb reale dhe duke ofruar sh\u00ebrbime q\u00eb shtojn\u00eb vler\u00eb.<\/span><\/p>\n<p>[\/vc_column_text]\t\t<\/div><\/div><\/div><div class=\"ult-item-wrap\" data-animation=\"animated no-animation\"><div class=\"ult-content-box-container \" >\t\t<div class=\"ult-content-box\" style=\"box-shadow: px px px px none;-webkit-transition: all 700ms ease;-moz-transition: all 700ms ease;-ms-transition: all 700ms ease;-o-transition: all 700ms ease;transition: all 700ms ease;\"  data-hover_box_shadow=\"none\"    >[vc_single_image image=&#8221;20&#8243; img_size=&#8221;full&#8221; alignment=&#8221;center&#8221; image_hovers=&#8221;false&#8221;][vc_custom_heading text=&#8221;Agjensi Doganore&#8221; font_container=&#8221;tag:h2|font_size:25|text_align:center|color:%23333333&#8243; google_fonts=&#8221;font_family:Roboto%3A100%2C100italic%2C300%2C300italic%2Cregular%2Citalic%2C500%2C500italic%2C700%2C700italic%2C900%2C900italic|font_style:400%20regular%3A400%3Anormal&#8221;][vc_column_text]<\/p>\n<p style=\"text-align: center;\"><span style=\"color: #333333;\">Duke pasur agjensin\u00eb ton\u00eb doganore ne jemi m\u00eb t\u00eb shpejt\u00eb p\u00ebr t\u00eb gjith\u00eb llojet e procedurave n\u00eb Shqip\u00ebri. Ekspert\u00ebt tan\u00eb doganor\u00eb dijn\u00eb si t\u00eb ndjekin zhdoganimet sidomos n\u00eb nj\u00eb projekt ku koha dhe informacioni i sakt\u00eb kan\u00eb r\u00ebnd\u00ebsi.<\/span><\/p>\n<p>[\/vc_column_text]\t\t<\/div><\/div><\/div><\/div><\/div>\t\t\t<script type=\"text\/javascript\">\n\t\t\t\tjQuery(document).ready(function ($) {\n\t\t\t\t\tif( typeof jQuery('.ult-carousel-239180773069ee9f9072818').slick == \"function\"){\n\t\t\t\t\t\t$('.ult-carousel-239180773069ee9f9072818').slick({dots: false,autoplay: true,autoplaySpeed: \"2000\",speed: \"2000\",infinite: true,arrows: true,nextArrow: '<button type=\"button\" role=\"button\" aria-label=\"Next\" style=\"color:#333333; font-size:20px;\" class=\"slick-next default\"><i class=\"ultsl-arrow-right4\"><\/i><\/button>',prevArrow: '<button type=\"button\" role=\"button\" aria-label=\"Previous\" style=\"color:#333333; font-size:20px;\" class=\"slick-prev default\"><i class=\"ultsl-arrow-left4\"><\/i><\/button>',slidesToScroll:3,slidesToShow:3,swipe: true,draggable: true,touchMove: true,pauseOnHover: true,pauseOnFocus: false,responsive: [\n\t\t\t\t\t\t\t{\n\t\t\t\t\t\t\t  breakpoint: 1026,\n\t\t\t\t\t\t\t  settings: {\n\t\t\t\t\t\t\t\tslidesToShow: 3,\n\t\t\t\t\t\t\t\tslidesToScroll: 3,  \n\t\t\t\t\t\t\t  }\n\t\t\t\t\t\t\t},\n\t\t\t\t\t\t\t{\n\t\t\t\t\t\t\t  breakpoint: 1025,\n\t\t\t\t\t\t\t  settings: {\n\t\t\t\t\t\t\t\tslidesToShow: 1,\n\t\t\t\t\t\t\t\tslidesToScroll: 1\n\t\t\t\t\t\t\t  }\n\t\t\t\t\t\t\t},\n\t\t\t\t\t\t\t{\n\t\t\t\t\t\t\t  breakpoint: 760,\n\t\t\t\t\t\t\t  settings: {\n\t\t\t\t\t\t\t\tslidesToShow: 1,\n\t\t\t\t\t\t\t\tslidesToScroll: 1\n\t\t\t\t\t\t\t  }\n\t\t\t\t\t\t\t}\n\t\t\t\t\t\t],pauseOnDotsHover: true,customPaging: function(slider, i) {\n                   return '<i type=\"button\" style= \"color:#333333;\" class=\"ultsl-record\" data-role=\"none\"><\/i>';\n                },});\n\t\t\t\t\t}\n\t\t\t\t});\n\t\t\t<\/script>\n\t\t\t[\/vc_column][\/vc_row][vc_row bg_type=&#8221;image&#8221; parallax_style=&#8221;vcpb-animated&#8221; bg_image_new=&#8221;id^21|url^https:\/\/diamant.com.al\/wp-content\/uploads\/2019\/07\/background.jpg|caption^null|alt^null|title^null|description^null&#8221; parallax_sense=&#8221;3&#8243; bg_override=&#8221;ex-full&#8221; el_class=&#8221;row&#8221; css=&#8221;.vc_custom_1611311555063{padding-top: 40px !important;padding-bottom: 40px !important;}&#8221;][vc_column][vc_custom_heading text=&#8221;MERRNI NJE PREVENTIV&#8221; font_container=&#8221;tag:h2|font_size:26|text_align:center|color:%23dd3333&#8243; google_fonts=&#8221;font_family:Roboto%3A100%2C100italic%2C300%2C300italic%2Cregular%2Citalic%2C500%2C500italic%2C700%2C700italic%2C900%2C900italic|font_style:500%20bold%20italic%3A500%3Aitalic&#8221;][vc_column_text]<\/p>\n<p style=\"text-align: center;\">[fc id=&#8217;3&#8242;][\/fc]<\/p>\n<p>[\/vc_column_text][\/vc_column][\/vc_row][vc_row el_class=&#8221;row&#8221;][vc_column width=&#8221;2\/3&#8243; offset=&#8221;vc_hidden-lg vc_hidden-md vc_hidden-sm vc_hidden-xs&#8221;][vc_custom_heading text=&#8221;P\u00ebr m\u00eb shum\u00eb informacion, mos hezitoni t\u00eb na kontaktoni !&#8221; font_container=&#8221;tag:h2|font_size:26|text_align:left|color:%23dd3333&#8243; google_fonts=&#8221;font_family:Roboto%3A100%2C100italic%2C300%2C300italic%2Cregular%2Citalic%2C500%2C500italic%2C700%2C700italic%2C900%2C900italic|font_style:300%20light%20italic%3A300%3Aitalic&#8221;][\/vc_column][vc_column width=&#8221;1\/3&#8243; offset=&#8221;vc_hidden-lg vc_hidden-md vc_hidden-sm vc_hidden-xs&#8221;][vc_btn title=&#8221;KONTAKTO&#8221; style=&#8221;custom&#8221; custom_background=&#8221;#dd3333&#8243; custom_text=&#8221;#ffffff&#8221; align=&#8221;right&#8221;][\/vc_column][\/vc_row][vc_row][vc_column][vc_separator][\/vc_column][\/vc_row][vc_row][vc_column][vc_custom_heading text=&#8221;Lajme dhe Evente&#8221; font_container=&#8221;tag:h2|font_size:36|text_align:center|color:%23dd3333&#8243; google_fonts=&#8221;font_family:Roboto%3A100%2C100italic%2C300%2C300italic%2Cregular%2Citalic%2C500%2C500italic%2C700%2C700italic%2C900%2C900italic|font_style:400%20regular%3A400%3Anormal&#8221;]<style type=\"text\/css\" data-type=\"the7_shortcodes-inline-css\">.blog-shortcode.blog-masonry-shortcode-id-0628113b9282fb0633ccc2cce91fca06.dividers-on.classic-layout-list article {\n  padding-top: 0;\n}\n.blog-shortcode.blog-masonry-shortcode-id-0628113b9282fb0633ccc2cce91fca06.dividers-on.classic-layout-list article:first-of-type {\n  margin-top: 0;\n  padding-top: 0;\n}\n.blog-shortcode.blog-masonry-shortcode-id-0628113b9282fb0633ccc2cce91fca06.classic-layout-list.mode-list .post-entry-content {\n  width: calc(100% - );\n}\n.blog-shortcode.blog-masonry-shortcode-id-0628113b9282fb0633ccc2cce91fca06.classic-layout-list.mode-list .no-img .post-entry-content {\n  width: 100%;\n}\n.blog-shortcode.blog-masonry-shortcode-id-0628113b9282fb0633ccc2cce91fca06 .filter-bg-decoration .filter-categories a.act {\n  color: #fff;\n}\n.blog-shortcode.blog-masonry-shortcode-id-0628113b9282fb0633ccc2cce91fca06:not(.mode-masonry) article:first-of-type,\n.blog-shortcode.blog-masonry-shortcode-id-0628113b9282fb0633ccc2cce91fca06:not(.mode-masonry) article.visible.first:not(.product) {\n  margin-top: 0;\n}\n.blog-shortcode.blog-masonry-shortcode-id-0628113b9282fb0633ccc2cce91fca06.dividers-on:not(.mode-masonry) article {\n  margin-top: 0;\n}\n.blog-shortcode.blog-masonry-shortcode-id-0628113b9282fb0633ccc2cce91fca06.dividers-on:not(.mode-masonry) article:first-of-type,\n.blog-shortcode.blog-masonry-shortcode-id-0628113b9282fb0633ccc2cce91fca06.dividers-on:not(.mode-masonry) article.visible.first:not(.product) {\n  margin-top: 0;\n  padding-top: 0;\n}\n.blog-shortcode.blog-masonry-shortcode-id-0628113b9282fb0633ccc2cce91fca06 .post-thumbnail-wrap {\n  padding: 0px 0px 0px 0px;\n}\n.blog-shortcode.blog-masonry-shortcode-id-0628113b9282fb0633ccc2cce91fca06.enable-bg-rollover .post-thumbnail-rollover:after {\n  background: -webkit-linear-gradient();\n  background: linear-gradient();\n}\n.blog-shortcode.blog-masonry-shortcode-id-0628113b9282fb0633ccc2cce91fca06 .gallery-zoom-ico {\n  width: 44px;\n  height: 44px;\n  line-height: 44px;\n  border-radius: 100px;\n  margin: -22px 0 0 -22px;\n  border-width: 0px;\n  color: #ffffff;\n}\n.bottom-overlap-layout-list.blog-shortcode.blog-masonry-shortcode-id-0628113b9282fb0633ccc2cce91fca06 .gallery-zoom-ico {\n  margin-top: -72px;\n}\n.gradient-overlay-layout-list.blog-shortcode.blog-masonry-shortcode-id-0628113b9282fb0633ccc2cce91fca06 .gallery-zoom-ico,\n.content-rollover-layout-list.blog-shortcode.blog-masonry-shortcode-id-0628113b9282fb0633ccc2cce91fca06 .gallery-zoom-ico {\n  margin: 0 0 10px;\n}\n.content-align-center.gradient-overlay-layout-list.blog-shortcode.blog-masonry-shortcode-id-0628113b9282fb0633ccc2cce91fca06 .gallery-zoom-ico,\n.content-align-center.content-rollover-layout-list.blog-shortcode.blog-masonry-shortcode-id-0628113b9282fb0633ccc2cce91fca06 .gallery-zoom-ico {\n  margin: 0 auto 10px;\n}\n.dt-icon-bg-on.blog-shortcode.blog-masonry-shortcode-id-0628113b9282fb0633ccc2cce91fca06 .gallery-zoom-ico {\n  background: rgba(255,255,255,0.3);\n  box-shadow: none;\n}\n.blog-shortcode.blog-masonry-shortcode-id-0628113b9282fb0633ccc2cce91fca06 .gallery-zoom-ico > span,\n.blog-shortcode.blog-masonry-shortcode-id-0628113b9282fb0633ccc2cce91fca06 .gallery-zoom-ico:before {\n  font-size: 32px;\n  line-height: 44px;\n}\n.blog-shortcode.blog-masonry-shortcode-id-0628113b9282fb0633ccc2cce91fca06 .gallery-zoom-ico > span,\n.blog-shortcode.blog-masonry-shortcode-id-0628113b9282fb0633ccc2cce91fca06 .gallery-zoom-ico:before {\n  color: #ffffff;\n}\n.blog-shortcode.blog-masonry-shortcode-id-0628113b9282fb0633ccc2cce91fca06 .fancy-date a {\n  background: #dd3333;\n  box-shadow: none;\n}\n.blog-shortcode.blog-masonry-shortcode-id-0628113b9282fb0633ccc2cce91fca06 .fancy-date a * {\n  color: #ffffff;\n}\n.blog-shortcode.blog-masonry-shortcode-id-0628113b9282fb0633ccc2cce91fca06 .fancy-date a .entry-month:after,\n.blog-shortcode.blog-masonry-shortcode-id-0628113b9282fb0633ccc2cce91fca06 .fancy-date a .entry-date:after {\n  background: #ffffff;\n  box-shadow: none;\n}\n.blog-shortcode.blog-masonry-shortcode-id-0628113b9282fb0633ccc2cce91fca06 .entry-title,\n.blog-shortcode.blog-masonry-shortcode-id-0628113b9282fb0633ccc2cce91fca06.owl-carousel .entry-title {\n  margin-bottom: 5px;\n  font-weight: bold;\n}\n.blog-shortcode.blog-masonry-shortcode-id-0628113b9282fb0633ccc2cce91fca06 .entry-meta {\n  margin-bottom: 15px;\n}\n.blog-shortcode.blog-masonry-shortcode-id-0628113b9282fb0633ccc2cce91fca06 .portfolio-categories {\n  margin-bottom: 15px;\n}\n.blog-shortcode.blog-masonry-shortcode-id-0628113b9282fb0633ccc2cce91fca06 .entry-excerpt {\n  margin-bottom: 5px;\n}\n.blog-shortcode.blog-masonry-shortcode-id-0628113b9282fb0633ccc2cce91fca06:not(.centered-layout-list) .post-entry-content {\n  padding: 25px 10px 30px 10px;\n}\n.blog-shortcode.blog-masonry-shortcode-id-0628113b9282fb0633ccc2cce91fca06:not(.centered-layout-list):not(.content-bg-on):not(.mode-list) .no-img .post-entry-content {\n  padding: 0;\n}\n@media screen and (max-width: ) {\n  .blog-shortcode.blog-masonry-shortcode-id-0628113b9282fb0633ccc2cce91fca06 article {\n    -ms-flex-flow: column nowrap;\n    flex-flow: column nowrap;\n    margin-top: 20px;\n  }\n  .blog-shortcode.blog-masonry-shortcode-id-0628113b9282fb0633ccc2cce91fca06.dividers-on article {\n    border: none;\n  }\n  .blog-shortcode.blog-masonry-shortcode-id-0628113b9282fb0633ccc2cce91fca06.content-bg-on.centered-layout-list article {\n    padding: 0;\n  }\n  .blog-shortcode.blog-masonry-shortcode-id-0628113b9282fb0633ccc2cce91fca06.blog-shortcode.dividers-on article,\n  .blog-shortcode.blog-masonry-shortcode-id-0628113b9282fb0633ccc2cce91fca06.dividers-on.classic-layout-list article {\n    margin-top: 20px;\n    padding: 0;\n  }\n  .blog-shortcode.blog-masonry-shortcode-id-0628113b9282fb0633ccc2cce91fca06.blog-shortcode.dividers-on article:first-of-type,\n  .blog-shortcode.blog-masonry-shortcode-id-0628113b9282fb0633ccc2cce91fca06.dividers-on.classic-layout-list article:first-of-type {\n    padding: 0;\n  }\n  #page .blog-shortcode.blog-masonry-shortcode-id-0628113b9282fb0633ccc2cce91fca06 .post-thumbnail-wrap,\n  #page .blog-shortcode.blog-masonry-shortcode-id-0628113b9282fb0633ccc2cce91fca06 .post-entry-content {\n    width: 100%;\n    margin: 0;\n    top: 0;\n  }\n  #page .blog-shortcode.blog-masonry-shortcode-id-0628113b9282fb0633ccc2cce91fca06 .post-thumbnail-wrap {\n    padding: 0;\n  }\n  #page .blog-shortcode.blog-masonry-shortcode-id-0628113b9282fb0633ccc2cce91fca06 .post-entry-content:after {\n    display: none;\n  }\n  #page .blog-shortcode.blog-masonry-shortcode-id-0628113b9282fb0633ccc2cce91fca06 .project-even .post-thumbnail-wrap,\n  #page .blog-shortcode.blog-masonry-shortcode-id-0628113b9282fb0633ccc2cce91fca06.centered-layout-list .post-thumbnail-wrap {\n    -ms-flex-order: 0;\n    order: 0;\n  }\n  #page .blog-shortcode.blog-masonry-shortcode-id-0628113b9282fb0633ccc2cce91fca06.centered-layout-list .post-entry-title-content {\n    -ms-flex-order: 1;\n    order: 1;\n    width: 100%;\n    padding: 20px 20px 0;\n  }\n  #page .blog-shortcode.blog-masonry-shortcode-id-0628113b9282fb0633ccc2cce91fca06.centered-layout-list .post-entry-content {\n    -ms-flex-order: 2;\n    order: 2;\n    padding-top: 0;\n  }\n  #page .blog-shortcode.blog-masonry-shortcode-id-0628113b9282fb0633ccc2cce91fca06 .fancy-categories {\n    top: 10px;\n    left: 10px;\n    bottom: auto;\n    right: auto;\n  }\n  #page .blog-shortcode.blog-masonry-shortcode-id-0628113b9282fb0633ccc2cce91fca06 .fancy-date a {\n    top: 10px;\n    right: 10px;\n    left: auto;\n    bottom: auto;\n  }\n  #page .blog-shortcode.blog-masonry-shortcode-id-0628113b9282fb0633ccc2cce91fca06 .post-entry-content {\n    padding: 20px;\n  }\n  #page .blog-shortcode.blog-masonry-shortcode-id-0628113b9282fb0633ccc2cce91fca06 .entry-title {\n    margin: 3px 0 5px;\n    font-size: 20px;\n    line-height: 26px;\n  }\n  #page .blog-shortcode.blog-masonry-shortcode-id-0628113b9282fb0633ccc2cce91fca06 .entry-meta {\n    margin: 5px 0 5px;\n  }\n  #page .blog-shortcode.blog-masonry-shortcode-id-0628113b9282fb0633ccc2cce91fca06 .entry-excerpt {\n    margin: 15px 0 0;\n  }\n  #page .blog-shortcode.blog-masonry-shortcode-id-0628113b9282fb0633ccc2cce91fca06 .post-details {\n    margin: 5px 0 10px;\n  }\n  #page .blog-shortcode.blog-masonry-shortcode-id-0628113b9282fb0633ccc2cce91fca06 .post-details.details-type-link {\n    margin-bottom: 2px;\n  }\n}\n<\/style><div class=\"blog-shortcode blog-masonry-shortcode-id-0628113b9282fb0633ccc2cce91fca06 mode-masonry classic-layout-list content-bg-on jquery-filter vertical-fancy-style scale-img meta-info-off dt-icon-bg-off resize-by-browser-width loading-effect-none description-under-image \" data-padding=\"15px\" data-cur-page=\"1\" data-post-limit=\"-1\" data-pagination-mode=\"none\" data-desktop-columns-num=\"3\" data-v-tablet-columns-num=\"2\" data-h-tablet-columns-num=\"3\" data-phone-columns-num=\"1\" data-width=\"0px\" data-columns=\"0\"><div class=\"iso-container\" ><\/div><!-- iso-container|iso-grid --><\/div>[\/vc_column][\/vc_row]<\/p>\n<\/div>","protected":false},"excerpt":{"rendered":"<p>[vc_row css=&#8221;.vc_custom_1562838629782{margin-top: -40px !important;}&#8221;][vc_column][vc_custom_heading text=&#8221;EKSPERIENC\u00cb, P\u00cbRGJEGJ\u00cbSI, BESUESHM\u00cbRI&#8221; font_container=&#8221;tag:h2|font_size:36|text_align:center|color:%23333333&#8243; google_fonts=&#8221;font_family:Roboto%3A100%2C100italic%2C300%2C300italic%2Cregular%2Citalic%2C500%2C500italic%2C700%2C700italic%2C900%2C900italic|font_style:700%20bold%20regular%3A700%3Anormal&#8221;][vc_empty_space height=&#8221;12px&#8221;][vc_column_text] Diamant Logistics \u00ebsht\u00eb kompania kryesore e transportit dhe logjistik\u00ebs n\u00eb Shqip\u00ebri. Me m\u00eb tep\u00ebr se 20 vite eksperienc\u00eb, Diamant ofron nj\u00eb gam\u00eb t\u00eb gj\u00ebr\u00eb sh\u00ebrbimesh dhe zgjidhjesh logjistike q\u00eb u p\u00ebrgjigjen nevojave dhe k\u00ebrkesave t\u00eb klient\u00ebve, nd\u00ebr t\u00eb cilat transport nd\u00ebrkomb\u00ebtar mallrash dhe konteiner\u00ebsh, transporte&hellip;<\/p>\n","protected":false},"author":3,"featured_media":0,"parent":0,"menu_order":0,"comment_status":"closed","ping_status":"closed","template":"","meta":{"footnotes":""},"class_list":["post-154","page","type-page","status-publish","hentry","description-off"],"_links":{"self":[{"href":"https:\/\/diamant.com.al\/index.php\/wp-json\/wp\/v2\/pages\/154","targetHints":{"allow":["GET"]}}],"collection":[{"href":"https:\/\/diamant.com.al\/index.php\/wp-json\/wp\/v2\/pages"}],"about":[{"href":"https:\/\/diamant.com.al\/index.php\/wp-json\/wp\/v2\/types\/page"}],"author":[{"embeddable":true,"href":"https:\/\/diamant.com.al\/index.php\/wp-json\/wp\/v2\/users\/3"}],"replies":[{"embeddable":true,"href":"https:\/\/diamant.com.al\/index.php\/wp-json\/wp\/v2\/comments?post=154"}],"version-history":[{"count":11,"href":"https:\/\/diamant.com.al\/index.php\/wp-json\/wp\/v2\/pages\/154\/revisions"}],"predecessor-version":[{"id":559,"href":"https:\/\/diamant.com.al\/index.php\/wp-json\/wp\/v2\/pages\/154\/revisions\/559"}],"wp:attachment":[{"href":"https:\/\/diamant.com.al\/index.php\/wp-json\/wp\/v2\/media?parent=154"}],"curies":[{"name":"wp","href":"https:\/\/api.w.org\/{rel}","templated":true}]}}